alculate the highest common factor of 8281 and 2590770.
1183
Calculate the greatest common factor of 2127500 and 92.
92
What is the greatest common factor of 947485 and 77?
77
What is the greatest common factor of 847602 and 24?
6
Calculate the greatest common factor of 279048 and 504.
168
What is the greatest common factor of 1254 and 369336?
66
Calculate the highest common factor of 15970 and 30.
10
Calculate the highest common factor of 2169 and 343907.
241
Calculate the highest common factor of 5882084 and 208.
52
Calculate the greatest common factor of 6006 and 1540.
154
Calculate the greatest common factor of 672 and 2226.
42
Calculate the highest common divisor of 27591 and 34.
17
Calculate the highest common divisor of 35 and 502726.
7
Calculate the greatest common divisor of 42279 and 493.
17
Calculate the highest common factor of 17701 and 62.
31
Calculate the highest common factor of 16849 and 27811.
203
What is the highest common factor of 6231 and 24?
3
What is the greatest common divisor of 5992 and 6741?
749
What is the greatest common divisor of 18 and 465048?
18
Calculate the greatest common factor of 4680 and 50040.
360
Calculate the greatest common factor of 123734 and 78.
26
Calculate the highest common factor of 980 and 4340.
140
Calculate the greatest common factor of 154 and 30380966.
154
What is the highest common divisor of 1504 and 54708?
188
Calculate the greatest common factor of 8125 and 390.
65
What is the highest common factor of 155 and 14990?
5
What is the greatest common factor of 1606 and 418?
22
What is the highest common divisor of 856 and 15836?
428
Calculate the greatest common factor of 8176 and 165564.
2044
Calculate the greatest common factor of 5936 and 232.
8
What is the highest common divisor of 25039 and 292?
73
Calculate the greatest common factor of 39 and 98410.
13
Calculate the greatest common factor of 4579 and 1387.
19
What is the highest common divisor of 133 and 224007?
7
Calculate the greatest common factor of 1203 and 48.
3
Calculate the greatest common divisor of 3388 and 2417338.
1694
What is the highest common factor of 438 and 1556214?
438
Calculate the greatest common divisor of 1046 and 2201307.
523
What is the highest common factor of 76 and 28?
4
What is the highest common factor of 21585 and 2310?
15
Calculate the highest common factor of 371 and 467937.
53
Calculate the greatest common divisor of 5068978 and 244.
122
Calculate the greatest common factor of 1020 and 1282548.
204
What is the greatest common divisor of 2188575 and 411?
411
Calculate the greatest common divisor of 9020 and 1845.
205
Calculate the greatest common divisor of 51 and 6120.
51
What is the highest common divisor of 105 and 3635?
5
Calculate the highest common divisor of 2304 and 249344.
256
What is the greatest common factor of 2915 and 10395?
55
Calculate the highest common factor of 1076 and 376062.
538
What is the highest common factor of 32453 and 332?
83
Calculate the highest common divisor of 525 and 154175.
175
Calculate the highest common divisor of 380 and 836.
76
What is the greatest common divisor of 5757 and 7373?
101
What is the greatest common divisor of 262220 and 14?
14
Calculate the highest common divisor of 170100 and 1800.
900
Calculate the greatest common divisor of 3612 and 67578.
42
Calculate the greatest common factor of 63995 and 5.
5
What is the greatest common factor of 95 and 8797?
19
Calculate the greatest common factor of 26255 and 885.
295
What is the greatest common divisor of 113088 and 152?
152
Calculate the greatest common factor of 544786 and 242.
22
Calculate the highest common factor of 18942 and 51942.
66
Calculate the highest common factor of 2850 and 153330.
570
Calculate the greatest common divisor of 133584 and 4140.
276
What is the highest common divisor of 2839 and 75055?
17
Calculate the highest common divisor of 101992 and 1254.
418
Calculate the greatest common divisor of 26 and 409032.
26
What is the greatest common factor of 1656612 and 2268?
324
What is the greatest common divisor of 954 and 44202?
318
What is the greatest common divisor of 871 and 198627?
13
Calculate the highest common factor of 317929 and 601.
601
Calculate the greatest common divisor of 103 and 61.
1
Calculate the highest common divisor of 15 and 4105905.
15
What is the greatest common divisor of 105 and 115745?
35
Calculate the greatest common factor of 9656 and 17.
17
Calculate the highest common divisor of 2072 and 571354.
518
What is the greatest common factor of 14 and 2611?
7
What is the highest common divisor of 172 and 53062?
86
What is the greatest common factor of 46768 and 888?
296
What is the greatest common factor of 353370 and 30?
30
Calculate the highest common divisor of 28811 and 329.
47
What is the greatest common factor of 217 and 306001?
31
What is the highest common factor of 5310 and 555?
15
Calculate the greatest common factor of 182605 and 5605.
295
What is the greatest common divisor of 735 and 148155?
105
What is the greatest common factor of 56 and 3857336?
56
Calculate the greatest common divisor of 2233 and 5082.
77
Calculate the highest common factor of 364 and 43120.
28
What is the highest common factor of 43 and 3265?
1
Calculate the greatest common factor of 26535 and 1525.
305
Calculate the highest common factor of 45672 and 6600.
264
What is the highest common factor of 17646 and 238?
34
What is the greatest common divisor of 4 and 2467?
1
What is the highest common divisor of 56765 and 10?
5
Calculate the greatest common divisor of 66 and 133716.
66
What is the highest common divisor of 4565 and 4345?
55
What is the greatest common divisor of 7645 and 275?
55
What is the highest common factor of 1080 and 1657395?
135
Calculate the greatest common divisor of 19019 and 31031.
1001
What is the greatest common divisor of 665 and 29545?
95
What is the greatest common divisor of 1533 and 34383?
219
What is the highest common factor of 2235 and 1605?
15
Calculate the greatest common divisor of 123 and 498929.
41
Calculate the highest common factor of 175066 and 323.
323
Calculate the highest common factor of 16 and 823016.
8
Calculate the greatest common factor of 378 and 3129.
21
What is the greatest common divisor of 148980 and 1716?
156
What is the highest common factor of 10 and 126700?
10
Calculate the greatest common factor of 25 and 2637575.
25
Calculate the greatest common factor of 13442 and 1690.
26
What is the greatest common factor of 5908 and 3962?
14
Calculate the greatest common factor of 754 and 7018.
58
Calculate the greatest common factor of 3825 and 4250.
425
What is the highest common divisor of 1500 and 795?
15
What is the highest common factor of 13376 and 8132?
76
Calculate the greatest common factor of 11979 and 407.
11
Calculate the highest common factor of 13368 and 1391943.
1671
Calculate the greatest common factor of 3654 and 6757.
29
Calculate the highest common divisor of 85059 and 234.
117
Calculate the highest common divisor of 3953 and 32897.
67
Calculate the highest common divisor of 9 and 366831.
9
Calculate the highest common factor of 227094 and 6.
6
What is the greatest common factor of 966448 and 112?
112
What is the greatest common divisor of 15552 and 7536?
48
Calculate the greatest common factor of 85 and 19244.
17
What is the highest common divisor of 320 and 5184?
64
Calculate the highest common divisor of 11266 and 989.
43
What is the highest common divisor of 12 and 1176972?
12
What is the highest common divisor of 31064 and 1144?
88
What is the highest common divisor of 39160 and 3940?
20
What is the highest common divisor of 410952 and 48?
24
Calculate the greatest common divisor of 27619 and 13615.
389
Calculate the greatest common divisor of 101262 and 168.
42
What is the highest common factor of 876 and 29127?
219
Calculate the highest common factor of 304 and 11134.
38
What is the highest common divisor of 495057 and 24276?
867
What is the greatest common factor of 424647 and 87?
87
What is the greatest common divisor of 1353 and 49323?
123
Calculate the highest common divisor of 161 and 231.
7
Calculate the highest common divisor of 1078 and 2992.
22
Calculate the greatest common divisor of 99022 and